{"id":118,"date":"2025-03-03T21:33:24","date_gmt":"2025-03-03T21:33:24","guid":{"rendered":"https:\/\/www.mariannabliss.fi\/?page_id=118"},"modified":"2026-01-25T16:29:54","modified_gmt":"2026-01-25T16:29:54","slug":"palvelut","status":"publish","type":"page","link":"http:\/\/www.mariannabliss.fi\/index.php\/palvelut\/","title":{"rendered":"Palvelut"},"content":{"rendered":"\n<p>H\u00e4\u00e4p\u00e4iv\u00e4 on yksi el\u00e4m\u00e4n t\u00e4rkeimmist\u00e4 ja juhlallisimmista p\u00e4ivist\u00e4, ja haluan varmistaa, ett\u00e4 se on juuri sellainen kuin olet aina unelmoinut. <a href=\"https:\/\/www.mariannabliss.fi\/index.php\/etusivu\/meikit\/\" data-type=\"page\" data-id=\"85\">Meikkini<\/a> ja <a href=\"https:\/\/www.mariannabliss.fi\/index.php\/etusivu\/meikit\/\" data-type=\"page\" data-id=\"85\">kampaukseni<\/a> eiv\u00e4t ole vain ulkoista kauneutta, vaan autan sinua tuntemaan itsesi upeaksi ja itsevarmaksi koko p\u00e4iv\u00e4n ajan. Koska h\u00e4\u00e4p\u00e4iv\u00e4 on erityinen, teen kaikkeni, jotta voisit keskitty\u00e4 itse juhlaan ja nauttisit palvelukokemuksesta! Tarjoan r\u00e4\u00e4t\u00e4l\u00f6ityj\u00e4 palveluja, jotka takaavat, ett\u00e4 p\u00e4iv\u00e4si sujuu t\u00e4ydellisesti.<\/p>\n\n\n\n<h2 class=\"wp-block-heading\"><strong>H\u00e4\u00e4meikki ja h\u00e4\u00e4kampaus \u2013 t\u00e4ydellinen kauneuspalvelu erityiseen p\u00e4iv\u00e4\u00e4n<\/strong><\/h2>\n\n\n\n<p>Tarjoan <strong>kokonaisvaltaista h\u00e4\u00e4meikki- ja h\u00e4\u00e4kampauspalvelua<\/strong>, joka kattaa koko prosessin \u2013 kokeilumeikin ja -kampauksen, sek\u00e4 h\u00e4\u00e4p\u00e4iv\u00e4n kauneudenluonnin. Huolehdin parhaalla tavalla h\u00e4\u00e4pukuusi sopivista meikeist\u00e4 ja kampauksista. Voin my\u00f6s huolehtia tarvittaessa morsiamen l\u00e4heisten ja morsiusneitojen meikeist\u00e4 ja kampauksista. Tavoitteeni on, ett\u00e4 sin\u00e4 voit keskitty\u00e4 nauttimaan juhlastasi ilman huolta meikin tai kampauksen kest\u00e4vyytt\u00e4.<\/p>\n\n\n\n<h3 class=\"wp-block-heading\"><strong>Palvelua paikan p\u00e4\u00e4ll\u00e4<\/strong><\/h3>\n\n\n\n<p>Mielell\u00e4ni tulen morsiamelle paikan p\u00e4\u00e4lle ja huolehdin morsiamen ja muiden juhlavieraiden kauneuden luomisesta. Tulen paikalle ja hoidan sek\u00e4 morsiamen ett\u00e4 mahdolliset morsiusneidot ja l\u00e4heiset \u2013 niin, ett\u00e4 kaikki voivat nauttia juhlastaan huolettomasti.<\/p>\n\n\n\n<h2 class=\"wp-block-heading\"><strong>Palvelun hinnat<\/strong><\/h2>\n\n\n\n<h3 class=\"wp-block-heading\"><strong>Paikan p\u00e4\u00e4ll\u00e4 juhlassa<\/strong><\/h3>\n\n\n\n<ul class=\"wp-block-list\">\n<li>H\u00e4\u00e4meikki &amp; H\u00e4\u00e4kampaus (sis\u00e4lt\u00e4en koekampauksen, koemeikin ja matkakustannukset): <strong>400<\/strong> &#8211; <strong>450 <strong> \u20ac<\/strong><\/strong><\/li>\n<\/ul>\n\n\n\n<h3 class=\"wp-block-heading\"><strong>Kauneushoitolassa Lahdessa<\/strong><\/h3>\n\n\n\n<ul class=\"wp-block-list\">\n<li>H\u00e4\u00e4meikki &amp; H\u00e4\u00e4kampaus (sis\u00e4lt\u00e4en koekampauksen ja koemeikin): <strong>310 \u20ac<\/strong><\/li>\n\n\n\n<li>H\u00e4\u00e4meikki ilman koetta: <strong>80 \u20ac<\/strong><\/li>\n\n\n\n<li>H\u00e4\u00e4kampaus ilman koetta: <strong>80 \u20ac<\/strong><\/li>\n\n\n\n<li>Meikki: <strong>76 \u20ac<\/strong><\/li>\n\n\n\n<li>Kampaus: <strong>76 \u20ac<\/strong><\/li>\n<\/ul>\n\n\n\n<p>Kaikki hinnat sis\u00e4lt\u00e4v\u00e4t asiantuntevan ja huolellisen palvelun, jotta voit nauttia t\u00e4ydellisist\u00e4 meikeist\u00e4 ja kampauksista koko p\u00e4iv\u00e4n ajan. Jos olet kiinnostunut varauksista tai tarvitset lis\u00e4tietoja palveluistani, <a href=\"https:\/\/www.mariannabliss.fi\/index.php\/yhteystiedot\/\" data-type=\"page\" data-id=\"124\">ota rohkeasti yhteytt\u00e4<\/a> \u2013 olen t\u00e4\u00e4ll\u00e4 auttamassa sinua luomaan unohtumattoman ilmeen!<\/p>\n\n\n\n<div style=\"height:100px\" aria-hidden=\"true\" class=\"wp-block-spacer\"><\/div>\n\n\n\n<div class=\"wp-block-columns is-layout-flex wp-container-core-columns-is-layout-1 wp-block-columns-is-layout-flex\">\n<div class=\"wp-block-column is-layout-flow wp-block-column-is-layout-flow\">\n<div class=\"wp-block-cover has-white-color has-text-color has-link-color wp-elements-621ee9f1e3b060b8cfa260ce13dae1fc wp-duotone-unset-1\"><span aria-hidden=\"true\" class=\"wp-block-cover__background has-black-background-color has-background-dim-40 has-background-dim\"><\/span><img loading=\"lazy\" decoding=\"async\" width=\"2560\" height=\"2560\" class=\"wp-block-cover__image-background wp-image-17\" alt=\"Kampaukset\" src=\"https:\/\/www.mariannabliss.fi\/wp-content\/uploads\/2025\/02\/IMG_0066-edited-scaled.jpeg\" data-object-fit=\"cover\" srcset=\"http:\/\/www.mariannabliss.fi\/wp-content\/uploads\/2025\/02\/IMG_0066-edited-scaled.jpeg 2560w, http:\/\/www.mariannabliss.fi\/wp-content\/uploads\/2025\/02\/IMG_0066-edited-300x300.jpeg 300w, http:\/\/www.mariannabliss.fi\/wp-content\/uploads\/2025\/02\/IMG_0066-edited-1024x1024.jpeg 1024w, http:\/\/www.mariannabliss.fi\/wp-content\/uploads\/2025\/02\/IMG_0066-edited-150x150.jpeg 150w, http:\/\/www.mariannabliss.fi\/wp-content\/uploads\/2025\/02\/IMG_0066-edited-768x768.jpeg 768w, http:\/\/www.mariannabliss.fi\/wp-content\/uploads\/2025\/02\/IMG_0066-edited-1536x1536.jpeg 1536w, http:\/\/www.mariannabliss.fi\/wp-content\/uploads\/2025\/02\/IMG_0066-edited-2048x2048.jpeg 2048w\" sizes=\"auto, (max-width: 2560px) 100vw, 2560px\" \/><div class=\"wp-block-cover__inner-container is-layout-flow wp-block-cover-is-layout-flow\">\n<p class=\"has-text-align-center has-large-font-size\"><a href=\"https:\/\/www.mariannabliss.fi\/index.php\/etusivu\/kampaukset\/\" data-type=\"page\" data-id=\"78\">Kampaukset<\/a><\/p>\n<\/div><\/div>\n<\/div>\n\n\n\n<div class=\"wp-block-column is-layout-flow wp-block-column-is-layout-flow\">\n<div class=\"wp-block-cover has-white-color has-text-color has-link-color wp-elements-b95b05f084c04f32cf999ed6d906f612\"><span aria-hidden=\"true\" class=\"wp-block-cover__background has-black-background-color has-background-dim-40 has-background-dim\"><\/span><img loading=\"lazy\" decoding=\"async\" width=\"2560\" height=\"2560\" class=\"wp-block-cover__image-background wp-image-18\" alt=\"Marianna Kustova hairdresser stylist mua\" src=\"https:\/\/www.mariannabliss.fi\/wp-content\/uploads\/2025\/02\/IMG_2080-edited-scaled.jpeg\" data-object-fit=\"cover\" srcset=\"http:\/\/www.mariannabliss.fi\/wp-content\/uploads\/2025\/02\/IMG_2080-edited-scaled.jpeg 2560w, http:\/\/www.mariannabliss.fi\/wp-content\/uploads\/2025\/02\/IMG_2080-edited-300x300.jpeg 300w, http:\/\/www.mariannabliss.fi\/wp-content\/uploads\/2025\/02\/IMG_2080-edited-1024x1024.jpeg 1024w, http:\/\/www.mariannabliss.fi\/wp-content\/uploads\/2025\/02\/IMG_2080-edited-150x150.jpeg 150w, http:\/\/www.mariannabliss.fi\/wp-content\/uploads\/2025\/02\/IMG_2080-edited-768x768.jpeg 768w, http:\/\/www.mariannabliss.fi\/wp-content\/uploads\/2025\/02\/IMG_2080-edited-1536x1536.jpeg 1536w, http:\/\/www.mariannabliss.fi\/wp-content\/uploads\/2025\/02\/IMG_2080-edited-2048x2048.jpeg 2048w\" sizes=\"auto, (max-width: 2560px) 100vw, 2560px\" \/><div class=\"wp-block-cover__inner-container is-layout-flow wp-block-cover-is-layout-flow\">\n<p class=\"has-text-align-center has-large-font-size\"><a href=\"https:\/\/www.mariannabliss.fi\/index.php\/etusivu\/minusta\/\" data-type=\"page\" data-id=\"82\">Minusta<\/a><\/p>\n<\/div><\/div>\n<\/div>\n\n\n\n<div class=\"wp-block-column is-layout-flow wp-block-column-is-layout-flow\">\n<div class=\"wp-block-cover has-white-color has-text-color has-link-color wp-elements-c6fd29119373cdfe29ae36bfa9eb2ac2\"><span aria-hidden=\"true\" class=\"wp-block-cover__background has-black-background-color has-background-dim-40 has-background-dim\"><\/span><img loading=\"lazy\" decoding=\"async\" width=\"2560\" height=\"2560\" class=\"wp-block-cover__image-background wp-image-19\" alt=\"H\u00e4\u00e4meikki\" src=\"https:\/\/www.mariannabliss.fi\/wp-content\/uploads\/2025\/02\/IMG_4460-edited-scaled.jpeg\" data-object-fit=\"cover\" srcset=\"http:\/\/www.mariannabliss.fi\/wp-content\/uploads\/2025\/02\/IMG_4460-edited-scaled.jpeg 2560w, http:\/\/www.mariannabliss.fi\/wp-content\/uploads\/2025\/02\/IMG_4460-edited-300x300.jpeg 300w, http:\/\/www.mariannabliss.fi\/wp-content\/uploads\/2025\/02\/IMG_4460-edited-1024x1024.jpeg 1024w, http:\/\/www.mariannabliss.fi\/wp-content\/uploads\/2025\/02\/IMG_4460-edited-150x150.jpeg 150w, http:\/\/www.mariannabliss.fi\/wp-content\/uploads\/2025\/02\/IMG_4460-edited-768x768.jpeg 768w, http:\/\/www.mariannabliss.fi\/wp-content\/uploads\/2025\/02\/IMG_4460-edited-1536x1536.jpeg 1536w, http:\/\/www.mariannabliss.fi\/wp-content\/uploads\/2025\/02\/IMG_4460-edited-2048x2048.jpeg 2048w\" sizes=\"auto, (max-width: 2560px) 100vw, 2560px\" \/><div class=\"wp-block-cover__inner-container is-layout-flow wp-block-cover-is-layout-flow\">\n<p class=\"has-text-align-center has-large-font-size\"><a href=\"https:\/\/www.mariannabliss.fi\/index.php\/etusivu\/meikit\/\" data-type=\"page\" data-id=\"85\">Meikit<\/a><\/p>\n<\/div><\/div>\n<\/div>\n<\/div>\n","protected":false},"excerpt":{"rendered":"<p>H\u00e4\u00e4p\u00e4iv\u00e4 on yksi el\u00e4m\u00e4n t\u00e4rkeimmist\u00e4 ja juhlallisimmista p\u00e4ivist\u00e4, ja haluan varmistaa, ett\u00e4 se on juuri sellainen kuin olet aina unelmoinut. Meikkini ja kampaukseni eiv\u00e4t ole vain ulkoista kauneutta, vaan autan sinua tuntemaan itsesi upeaksi ja itsevarmaksi koko p\u00e4iv\u00e4n ajan. Koska h\u00e4\u00e4p\u00e4iv\u00e4 on erityinen, teen kaikkeni, jotta voisit keskitty\u00e4 itse juhlaan ja nauttisit palvelukokemuksesta! Tarjoan r\u00e4\u00e4t\u00e4l\u00f6ityj\u00e4 [&hellip;]<\/p>\n","protected":false},"author":1,"featured_media":0,"parent":0,"menu_order":0,"comment_status":"closed","ping_status":"closed","template":"","meta":{"site-container-style":"default","site-container-layout":"default","site-sidebar-layout":"default","disable-article-header":"default","disable-site-header":"default","disable-site-footer":"default","disable-content-area-spacing":"default","footnotes":""},"class_list":["post-118","page","type-page","status-publish","hentry"],"yoast_head":"<!-- This site is optimized with the Yoast SEO plugin v26.8 - https:\/\/yoast.com\/product\/yoast-seo-wordpress\/ -->\n<title>Palvelut - Mariannabliss.fi<\/title>\n<meta name=\"robots\" content=\"index, follow, max-snippet:-1, max-image-preview:large, max-video-preview:-1\" \/>\n<link rel=\"canonical\" href=\"http:\/\/www.mariannabliss.fi\/index.php\/palvelut\/\" \/>\n<meta property=\"og:locale\" content=\"fi_FI\" \/>\n<meta property=\"og:type\" content=\"article\" \/>\n<meta property=\"og:title\" content=\"Palvelut - Mariannabliss.fi\" \/>\n<meta property=\"og:description\" content=\"H\u00e4\u00e4p\u00e4iv\u00e4 on yksi el\u00e4m\u00e4n t\u00e4rkeimmist\u00e4 ja juhlallisimmista p\u00e4ivist\u00e4, ja haluan varmistaa, ett\u00e4 se on juuri sellainen kuin olet aina unelmoinut. Meikkini ja kampaukseni eiv\u00e4t ole vain ulkoista kauneutta, vaan autan sinua tuntemaan itsesi upeaksi ja itsevarmaksi koko p\u00e4iv\u00e4n ajan. Koska h\u00e4\u00e4p\u00e4iv\u00e4 on erityinen, teen kaikkeni, jotta voisit keskitty\u00e4 itse juhlaan ja nauttisit palvelukokemuksesta! Tarjoan r\u00e4\u00e4t\u00e4l\u00f6ityj\u00e4 [&hellip;]\" \/>\n<meta property=\"og:url\" content=\"http:\/\/www.mariannabliss.fi\/index.php\/palvelut\/\" \/>\n<meta property=\"og:site_name\" content=\"Mariannabliss.fi\" \/>\n<meta property=\"article:modified_time\" content=\"2026-01-25T16:29:54+00:00\" \/>\n<meta name=\"twitter:card\" content=\"summary_large_image\" \/>\n<meta name=\"twitter:label1\" content=\"Arvioitu lukuaika\" \/>\n\t<meta name=\"twitter:data1\" content=\"3 minuuttia\" \/>\n<script type=\"application\/ld+json\" class=\"yoast-schema-graph\">{\"@context\":\"https:\/\/schema.org\",\"@graph\":[{\"@type\":\"WebPage\",\"@id\":\"http:\/\/www.mariannabliss.fi\/index.php\/palvelut\/\",\"url\":\"http:\/\/www.mariannabliss.fi\/index.php\/palvelut\/\",\"name\":\"Palvelut - Mariannabliss.fi\",\"isPartOf\":{\"@id\":\"https:\/\/www.mariannabliss.fi\/#website\"},\"datePublished\":\"2025-03-03T21:33:24+00:00\",\"dateModified\":\"2026-01-25T16:29:54+00:00\",\"breadcrumb\":{\"@id\":\"http:\/\/www.mariannabliss.fi\/index.php\/palvelut\/#breadcrumb\"},\"inLanguage\":\"fi\",\"potentialAction\":[{\"@type\":\"ReadAction\",\"target\":[\"http:\/\/www.mariannabliss.fi\/index.php\/palvelut\/\"]}]},{\"@type\":\"BreadcrumbList\",\"@id\":\"http:\/\/www.mariannabliss.fi\/index.php\/palvelut\/#breadcrumb\",\"itemListElement\":[{\"@type\":\"ListItem\",\"position\":1,\"name\":\"Etusivu\",\"item\":\"http:\/\/www.mariannabliss.fi\/\"},{\"@type\":\"ListItem\",\"position\":2,\"name\":\"Palvelut\"}]},{\"@type\":\"WebSite\",\"@id\":\"https:\/\/www.mariannabliss.fi\/#website\",\"url\":\"https:\/\/www.mariannabliss.fi\/\",\"name\":\"Mariannabliss.fi\",\"description\":\"T&auml;ydellisyys piilee yksityiskohdissa.\",\"potentialAction\":[{\"@type\":\"SearchAction\",\"target\":{\"@type\":\"EntryPoint\",\"urlTemplate\":\"https:\/\/www.mariannabliss.fi\/?s={search_term_string}\"},\"query-input\":{\"@type\":\"PropertyValueSpecification\",\"valueRequired\":true,\"valueName\":\"search_term_string\"}}],\"inLanguage\":\"fi\"}]}<\/script>\n<!-- \/ Yoast SEO plugin. -->","yoast_head_json":{"title":"Palvelut - Mariannabliss.fi","robots":{"index":"index","follow":"follow","max-snippet":"max-snippet:-1","max-image-preview":"max-image-preview:large","max-video-preview":"max-video-preview:-1"},"canonical":"http:\/\/www.mariannabliss.fi\/index.php\/palvelut\/","og_locale":"fi_FI","og_type":"article","og_title":"Palvelut - Mariannabliss.fi","og_description":"H\u00e4\u00e4p\u00e4iv\u00e4 on yksi el\u00e4m\u00e4n t\u00e4rkeimmist\u00e4 ja juhlallisimmista p\u00e4ivist\u00e4, ja haluan varmistaa, ett\u00e4 se on juuri sellainen kuin olet aina unelmoinut. Meikkini ja kampaukseni eiv\u00e4t ole vain ulkoista kauneutta, vaan autan sinua tuntemaan itsesi upeaksi ja itsevarmaksi koko p\u00e4iv\u00e4n ajan. Koska h\u00e4\u00e4p\u00e4iv\u00e4 on erityinen, teen kaikkeni, jotta voisit keskitty\u00e4 itse juhlaan ja nauttisit palvelukokemuksesta! Tarjoan r\u00e4\u00e4t\u00e4l\u00f6ityj\u00e4 [&hellip;]","og_url":"http:\/\/www.mariannabliss.fi\/index.php\/palvelut\/","og_site_name":"Mariannabliss.fi","article_modified_time":"2026-01-25T16:29:54+00:00","twitter_card":"summary_large_image","twitter_misc":{"Arvioitu lukuaika":"3 minuuttia"},"schema":{"@context":"https:\/\/schema.org","@graph":[{"@type":"WebPage","@id":"http:\/\/www.mariannabliss.fi\/index.php\/palvelut\/","url":"http:\/\/www.mariannabliss.fi\/index.php\/palvelut\/","name":"Palvelut - Mariannabliss.fi","isPartOf":{"@id":"https:\/\/www.mariannabliss.fi\/#website"},"datePublished":"2025-03-03T21:33:24+00:00","dateModified":"2026-01-25T16:29:54+00:00","breadcrumb":{"@id":"http:\/\/www.mariannabliss.fi\/index.php\/palvelut\/#breadcrumb"},"inLanguage":"fi","potentialAction":[{"@type":"ReadAction","target":["http:\/\/www.mariannabliss.fi\/index.php\/palvelut\/"]}]},{"@type":"BreadcrumbList","@id":"http:\/\/www.mariannabliss.fi\/index.php\/palvelut\/#breadcrumb","itemListElement":[{"@type":"ListItem","position":1,"name":"Etusivu","item":"http:\/\/www.mariannabliss.fi\/"},{"@type":"ListItem","position":2,"name":"Palvelut"}]},{"@type":"WebSite","@id":"https:\/\/www.mariannabliss.fi\/#website","url":"https:\/\/www.mariannabliss.fi\/","name":"Mariannabliss.fi","description":"T&auml;ydellisyys piilee yksityiskohdissa.","potentialAction":[{"@type":"SearchAction","target":{"@type":"EntryPoint","urlTemplate":"https:\/\/www.mariannabliss.fi\/?s={search_term_string}"},"query-input":{"@type":"PropertyValueSpecification","valueRequired":true,"valueName":"search_term_string"}}],"inLanguage":"fi"}]}},"_links":{"self":[{"href":"http:\/\/www.mariannabliss.fi\/index.php\/wp-json\/wp\/v2\/pages\/118","targetHints":{"allow":["GET"]}}],"collection":[{"href":"http:\/\/www.mariannabliss.fi\/index.php\/wp-json\/wp\/v2\/pages"}],"about":[{"href":"http:\/\/www.mariannabliss.fi\/index.php\/wp-json\/wp\/v2\/types\/page"}],"author":[{"embeddable":true,"href":"http:\/\/www.mariannabliss.fi\/index.php\/wp-json\/wp\/v2\/users\/1"}],"replies":[{"embeddable":true,"href":"http:\/\/www.mariannabliss.fi\/index.php\/wp-json\/wp\/v2\/comments?post=118"}],"version-history":[{"count":6,"href":"http:\/\/www.mariannabliss.fi\/index.php\/wp-json\/wp\/v2\/pages\/118\/revisions"}],"predecessor-version":[{"id":177,"href":"http:\/\/www.mariannabliss.fi\/index.php\/wp-json\/wp\/v2\/pages\/118\/revisions\/177"}],"wp:attachment":[{"href":"http:\/\/www.mariannabliss.fi\/index.php\/wp-json\/wp\/v2\/media?parent=118"}],"curies":[{"name":"wp","href":"https:\/\/api.w.org\/{rel}","templated":true}]}}